**3 - 19*x**2 - 9*x + 5. List the prime factors of b(21).
2, 349
Let i(s) = -2 + 12*s + 7*s - 16*s. Let q be (0 - 15)*(-4)/6. List the prime factors of i(q).
2, 7
Let u = 17 - 24. Let m(k) = -k**2 - 7*k - 6. Let o be m(u). Let z(p) = p**3 + 7*p**2 + 2*p - 6. List the prime factors of z(o).
2, 3
Let h(s) = -27*s + 60. List the prime factors of h(-10).
2, 3, 5, 11
Suppose 0 = 3*h - 12, 2*v + v - 1759 = 2*h. What are the prime factors of v?
19, 31
Let f(i) = -i**2 + 11*i - 3. Let k(z) = 3*z + 2. Let q be k(1). Suppose -10*h = -q*h - 50. What are the prime factors of f(h)?
7
Suppose 32*f + 306 = 33*f. Suppose -5*k + 40 = z - f, -704 = -2*z - 4*k. List the prime factors of z.
2, 89
Suppose -126496 = -54*d - 5*d. List the prime factors of d.
2, 67
Let f = 277 + -391. Let k = -56 - f. Suppose -i - k = -3*i. List the prime factors of i.
29
Let l be (-14)/(-3) - (-8)/(-12). Suppose -2*z + 43 = 3*w, -3*w - 13 = -l*w - 2*z. Suppose 15 = w*d - 12*d. What are the prime factors of d?
5
Suppose 3*d - 240 = -2*j, 0 = 5*d - 2*j + j - 400. Let c(f) = 45*f**3 - f**2 + 3*f - 1. Let l be c(1). Let n = d - l. What are the prime factors of n?
2, 17
Let t = 3523 - 2091. List the prime factors of t.
2, 179
Let r = 184 + 99. Suppose -6*a + 113 = -r. What are the prime factors of a?
2, 3, 11
Let x = -97 + 178. Suppose 17 = l + 4*q, 0*l - x = -3*l - 2*q. What are the prime factors of l?
29
Suppose 15*r - 7032 = 12*r. List the prime factors of r/26 + -1 - (-10)/(-65).
89
Suppose 2*x + 7478 = 4*h, -4*h - 5*x + 6*x + 7475 = 0. What are the prime factors of h?
2, 467
Let h = -934 - -1310. What are the prime factors of h?
2, 47
Suppose 73*w = 72*w + 8. List the prime factors of 17/((-12)/w + (-34)/(-20)).
5, 17
Suppose 0 = 5*g - 5*d - 35, g - 3*d - 25 = -4*g. Let v be 125/(-30) - g/(-12). What are the prime factors of 11/(33/108) + v?
2
List the prime factors of ((-4)/2)/(2 + 13896/(-6939)).
3, 257
Suppose -90 = -8*g - 514. Let h = -34 - g. What are the prime factors of h?
19
Suppose 0 = -14*l + 18*l - 4824. What are the prime factors of l?
2, 3, 67
List the prime factors of (-10 + (-99)/(-12))/(2/(-3176)).
7, 397
Let o(z) be the third derivative of -z**4/6 + z**3/3 + 5*z**2. Let m be o(-2). What are the prime factors of 126/m + (-2)/(-5)?
13
Let o = 183 + 13. Suppose -z - 3*h = -78, -4*h - o = -2*z - 0*h. List the prime factors of z.
2, 3, 5
Let p(n) = n**3 + 9*n**2 - 4*n + 7. Let g be p(-9). Let l = 203 + -132. Let s = l - g. List the prime factors of s.
2, 7
Let h be (6 - 7)/((-2)/18). Suppose -4 = h*p - 11*p. Suppose -4*c + 56 = 7*k - 3*k, -c + p*k + 2 = 0. List the prime factors of c.
2, 5
Let o(s) = -s**2 + 3*s + 7. Let l be o(-7). Let x = l - -32. Let i = 44 + x. List the prime factors of i.
13
Suppose 8 = n + n. Suppose -2 = n*i - 6*i, 2 = q - 3*i. Suppose 0*k = -3*w - 4*k + 35, 0 = q*w - 3*k - 10. List the prime factors of w.
5
Let q = 19 - -364. Suppose -3*g = -5*t + 358 + 108, 4*t + g = q. List the prime factors of t.
5, 19
List the prime factors of (3/(-36))/(23/(-1073364)).
3889
Let g(w) = w**3 + 12*w**2 - 11*w + 20. Let f be g(-13). Let b(h) = -1 - h**2 - 10*h + 0*h**2 + 0. List the prime factors of b(f).
23
Suppose -2*y = t, 2*t - 2*y = 5*t. Suppose 0 = -4*p + 4, t = 4*u - 3*u + 4*p + 5. Let f = 44 - u. What are the prime factors of f?
53
Let t be (-738)/(-12) + 9/(-6). Suppose h = -i + 55, 2*i = -2*h + h + t. What are the prime factors of h?
2, 5
Let k(g) = -20*g - 27. Let y be k(-17). Let z = y - 205. What are the prime factors of z?
2, 3
Let h = 89 - 38. Suppose -21 = -3*u + h. What are the prime factors of u?
2, 3
Suppose 2*a - 4888 = -5*o, -5*o - 3*a + 1129 = -3758. Suppose o = 8*k + 282. List the prime factors of k.
3, 29
Let n = 17 - 13. Suppose -22 + 4 = -a - 5*d, 0 = -n*a + 5*d - 28. What are the prime factors of 200/70 - a/14?
3
Suppose 2*z = -6, -4*z = -2*j - 5*z + 1. Suppose 8 = -w + j*l + 2, -w = 3*l - 19. Suppose 0*c - 136 = -w*c. What are the prime factors of c?
2, 17
Let v(a) be the third derivative of a**5/30 + 7*a**4/8 + 2*a**3 - 3*a**2 + 8. List the prime factors of v(-16).
2, 47
Let m(w) be the second derivative of w**3/6 + 33*w**2/2 - 20*w. List the prime factors of m(8).
41
Suppose -2*t + 14 = -158. Let z = t + -38. List the prime factors of z.
2, 3
Let c = 195 + 725. List the prime factors of c.
2, 5, 23
Suppose 3*r = 25 - 4. Let d(h) = h**2 + 5*h - 3. Let j be d(-5). Let u = r - j. What are the prime factors of u?
2, 5
Let t = -78 + 159. Let n = 153 - t. List the prime factors of n.
2, 3
Suppose 3*v - 1064 = -5*f, 6*f = -5*v + 7*f + 1764. What are the prime factors of v?
353
Suppose -4*r + r = 0, 0 = -3*q + 3*r + 21. Let z be 1/21*6*q. Suppose i = -z*i + 54. What are the prime factors of i?
2, 3
Suppose -31 + 11 = -5*o. Suppose u - 97 = -o*m + 6*u, -23 = -m + u. Let t = -10 + m. What are the prime factors of t?
2
Let l(x) be the second derivative of -x**3/6 - x**2/2 + 8*x. Let s be l(-4). Suppose -s*u = -5*u + 10. What are the prime factors of u?
5
Let f be (-2569)/4 + (-4)/(-16). Let m = 923 + f. Suppose -5*i + 54 + m = 0. List the prime factors of i.
67
Suppose 4*n - 4*m + 3*m = 165, -5*n + 225 = -5*m. Suppose 2*y + 3*y - n = 0. List the prime factors of y.
2
Let u be (1/(1/2))/((-2)/(-69)). Let i = 85 - u. What are the prime factors of i?
2
Suppose 0 = -4*k + 36. Suppose -k*t - 66 = -12*t. What are the prime factors of t?
2, 11
Suppose 53*q - 20*q = 130449. List the prime factors of q.
59, 67
Let f = -8 + 13. Suppose f*q - 40 = 4*j, -j = -q + 4*j + 29. Suppose q*z = -3*o + 84, 3*z - z - 40 = -2*o. List the prime factors of z.
2, 3
Let o(c) = -c**3 + 5*c**2 - 5*c + 1. List the prime factors of o(-7).
2, 3, 13
Let k be 2 - -4 - 3*1. Suppose 6 = k*u + 27. Let c(l) = -l**3 - 6*l**2 - l - 9. List the prime factors of c(u).
47
Let h(w) be the second derivative of -5*w + 3/2*w**2 + 1/20*w**5 - 1/12*w**4 + 1/6*w**3 + 0. What are the prime factors of h(0)?
3
Let i = 1970 + -568. What are the prime factors of i?
2, 701
Suppose 31*r - 29952 = 3373. What are the prime factors of r?
5, 43
Let d be 4 + 0 + -3 + 2. Suppose x - 93 = 4*m, -4*x + 72 + 248 = -d*m. List the prime factors of x.
7, 11
Let i = -597 + 793. List the prime factors of i.
2, 7
Suppose 51154 = 43*s - 129747. List the prime factors of s.
7, 601
Suppose 0 = -42*y + 44*y - 2126. What are the prime factors of y?
1063
Let n be (16/(-12) - -2) + 4/(-6). Let h(a) = 2*a**3 + a**2 + 2*a + 80. List the prime factors of h(n).
2, 5
Let c = 0 + 4. Suppose 0 = -5*f - 18 + 3, -c*f - 15 = -3*m. Let v(s) = 31*s + 1. List the prime factors of v(m).
2
Let x(m) = 165*m - 217. What are the prime factors of x(6)?
773
Let b(s) = -11*s - 33. List the prime factors of b(-15).
2, 3, 11
Let j(g) = g**3 - 5*g**2 - 6*g + 6. Let r be j(4). Let z(h) = 17*h + 121. Let w be z(-3). Let f = r + w. What are the prime factors of f?
2, 3
Let m(a) be the first derivative of -a**4/12 - 13*a**3/6 + 9*a**2/2 + 2*a - 5. Let x(r) be the first derivative of m(r). What are the prime factors of x(-11)?
31
Let i be (-2)/12*-4*-3. Let u = -15 + 10. List the prime factors of -3 + (i - u*3).
2, 5
What are the prime factors of 2042/(-2)*(-121 + 120)?
1021
Suppose 0*z = z + 22. Let f = 66 + -26. Let w = z + f. What are the prime factors of w?
2, 3
What are the prime factors of ((-2)/6)/(31922/(-3990) + 8)?
5, 7, 19
Suppose 0 = -a - 7 + 13. Suppose 5*d - a = -21, -f - d + 81 = 0. List the prime factors of f.
2, 3, 7
Let b be -4 + -5 + 48 + -6. Suppose -4*x - 6*t = -2*t + 76, -2*x + 3*t = 58. Let s = b + x. List the prime factors of s.
2, 5
Suppose -214 = -3*c + 4*c - 3*d, -c = -2*d + 215. Let p = -126 - c. What are the prime factors of p?
7, 13
Let k(w) = 31*w**3 + w**2 + w + 1. Let x be k(-1). Let v be (-1)/2*(x - 4). Let c = v + -12. List the prime factors of c.
5
Let x = -59 + 39. What are the prime factors of (-965)/x*1*4?
193
Suppose -224 = -9*p + 8*p. Suppose t - 3*t + p = 0. List the prime factors of t.
2, 7
Suppose t = -2*n - 1 - 0, 3*n + 12 = 0. Suppose -2*y = -y - 25. Suppose -2*d + t*d = y. List the prime factors of d.
5
Let m(o) = -o**2 + o + 82. Let q be m(0). Let s = q + -69. What are the prime factors of s?
13
Suppose p + f = -4*f + 610, 2*f = 6. What are the prime factors of p?
5, 7, 17
Suppose -4*q + 98 + 610 =